 = -m - 3. Let k be (-42)/9 + (-2)/(-3). Let a be s(k). What is the greatest common factor of a and z?
1
Suppose -5*l + 132 = -73. What is the highest common factor of 1 and l?
1
Suppose 50 = 4*j + 2*p, 2*j + 0*j + 4*p = 28. Let w be (-12)/(0 - -3)*33/(-1). What is the highest common divisor of j and w?
12
Suppose -u + 268 = -145. Calculate the greatest common divisor of 7 and u.
7
Suppose -1190 = 4*l - 11*l. What is the greatest common factor of 34 and l?
34
Suppose -13*z + 11*z - 2 = 0. Let r be (-3 - z)/((-3)/(-39)). Let u be 21*(4 - r/7). Calculate the highest common factor of u and 18.
18
Suppose 3*n = 3*f + 102, -15*f - 130 = -4*n - 17*f. Suppose -4*t = b - 19, b + 7 = 3*t - 2. What is the greatest common divisor of n and b?
3
Let i(j) = j**3 - 7*j**2 + 2*j + 10. Let t be i(6). Let l(p) = 2*p**2 + 29*p + 15. Let w be l(t). Calculate the highest common divisor of w and 2.
1
Suppose 5*h + 416 = 2*l, -h = h. Let d be (2 + 1)*l/12. Suppose -3 - 7 = -2*i - 4*x, 3*x = 3*i - 51. Calculate the highest common factor of d and i.
13
Let y = -59 + 80. Let f be (84/(-2))/(0 - (-3)/(-6)). What is the highest common divisor of f and y?
21
Suppose 9*d + 3*d = 2496. What is the greatest common factor of 26 and d?
26
Let a be (-24)/(-4)*(-2)/(-2). Let p = 29 + -73. Let j = 68 + p. Calculate the highest common factor of a and j.
6
Suppose -2*t - 10*t = -48. Calculate the greatest common divisor of 28 and t.
4
Let c(k) = 26*k**2 + k + 4. Let d be c(-3). Suppose -2*q + d + 71 = 0. What is the greatest common divisor of 17 and q?
17
Suppose -3*w - w = -52. Let a = -2 - -18. Let q = a - w. What is the highest common factor of 3 and q?
3
Let l = -3 + 8. Let d(h) = -h**2 + 11*h + 3. Let v be d(l). Let i = 14 - 3. Calculate the greatest common factor of v and i.
11
Suppose 0 = -j + k + 43, 15 = j - 5*k - 8. Calculate the greatest common factor of j and 1216.
16
Let h(a) = a + 6. Let u be h(0). Let i = -152 + 154. What is the greatest common factor of i and u?
2
Let q(d) = -d**3 - 8*d**2 + 2*d + 21. Let b be q(-8). Calculate the highest common divisor of 145 and b.
5
Let l = 153 + -148. Suppose -l*y = -7*y + q + 54, 0 = 3*q - 12. Let i be (2*-5)/(2/(-29)). Calculate the highest common divisor of y and i.
29
Let n be (-508)/(-6) + (-6)/9. Let x = -109 + 114. Suppose 4*w + x*f = -27 + 106, 3*w - 67 = 4*f. What is the greatest common factor of w and n?
21
Let y = 80 - 77. Suppose 6*v - 237 = y*v - 4*r, 3*r = 4*v - 291. Let z be (-4 + 0)*30/(-8). What is the greatest common factor of z and v?
15
Let y = 170 - 151. Calculate the greatest common divisor of y and 1159.
19
Let b be (-150)/(-60)*(-2)/3*-9. Calculate the highest common divisor of 255 and b.
15
Let j(t) = 3*t**3 - 2*t**2 - 11*t + 40. Let d be j(3). Suppose -3*s - 3 = 0, -u = 3*u - 3*s - 115. Calculate the greatest common divisor of d and u.
14
Suppose -8*l = -7*l - 18. Suppose -l*o + 180 = -14*o. What is the highest common divisor of o and 5?
5
Let s = 1 - -19. Calculate the highest common divisor of s and 170.
10
Let k be (23 + -19)*(-458)/(-8). Let h be (-3088)/(-36) - 2/(-9). Suppose -k = -3*y + h. Calculate the greatest common divisor of 15 and y.
15
Let v(r) = 2*r**3 - 9*r**2 + 12*r - 6. Let w be v(4). Calculate the highest common factor of w and 234.
26
Suppose 3*t - 3*q = 18, 3*t - q - 17 + 5 = 0. Let l(j) = 6*j - 10. Let v be l(t). Calculate the greatest common divisor of v and 8.
8
Let z(x) = 194 - 177 + x + 0*x. Let o be z(-9). Calculate the greatest common factor of o and 8.
8
Suppose 1064 = -17*b + 3*b. Let a = b - -138. What is the highest common factor of a and 31?
31
Let b(t) be the second derivative of -5*t + 7/2*t**2 + 0 - 1/6*t**3. Let m be b(-5). Calculate the highest common divisor of 48 and m.
12
Let r = -30 - -48. Let a = r - -26. What is the greatest common factor of a and 22?
22
Let g = 0 - 1. Let k be g/(3/(-237) - 0). Let h = k + -40. Calculate the highest common divisor of h and 26.
13
Let d = 2226 - 2221. Calculate the highest common divisor of 1165 and d.
5
Suppose -2*y = -3 - 5. Suppose -3*o + 5*r = -2*o - 17, -3*r = -y*o + 17. What is the highest common divisor of 5 and o?
1
Suppose 443 = 4*q + 43. Let l = -3 + -3. Let x be (2/l)/(2/(-60)). What is the highest common divisor of x and q?
10
Let b be (65/(-20)*-4)/1. Let f = b + 7. Let q = 23 + -15. Calculate the highest common factor of f and q.
4
Let u(f) = 4*f**2 - 11*f + 34. Let b be u(4). Calculate the highest common divisor of b and 81.
27
Suppose -2 = w, -123 = -b - 4*b - w. Suppose -32*g + 29*g + 38 = -2*y, -y = 2*g - 16. What is the highest common divisor of b and g?
5
Suppose -d = 3*z + 51, 4*z - 4*d + 61 = -3*d. Let r = 42 + z. Let n(o) = -6*o - 14. Let y be n(-11). Calculate the greatest common divisor of y and r.
26
Suppose -3*r = -4*r + 3. Let u = 557 - 536. Calculate the greatest common factor of u and r.
3
Suppose -10*p + 1092 = 68*p. What is the highest common divisor of p and 3514?
14
Let x(k) = k**3 - 4*k**2 - 12*k + 10. Let v be x(6). Let t = 47 + -22. Calculate the greatest common divisor of t and v.
5
Suppose 6*d - d = 210. Let p = 257 - 219. Suppose -5*n = -3*i - 0*n - 7, -3*i + p = 4*n. What is the greatest common divisor of i and d?
6
Let k = 4 - -15. Suppose 3*x - 33 = -3*z + 153, 5*x - 305 = -4*z. Calculate the highest common factor of x and k.
19
Suppose 4*q = 3*k + 366, 4*q - 358 = -0*q - k. Calculate the greatest common divisor of q and 36.
18
Suppose 3*x - 7*x + 5*j = -137, 0 = 3*x - 4*j - 104. Let g = -36 + 50. What is the greatest common divisor of g and x?
14
Let w(s) = s**3 - 10*s**2 - 11*s + 6. Let i be w(11). Suppose 5*n = -5*f + 50, 5*n - 32 = -4*f + 12. What is the greatest common factor of f and i?
6
Let r be 15/27*123 + 1/(-3). What is the highest common factor of r and 85?
17
Let z(j) = -5*j**3 - 10*j - 12. Let a be z(-3). What is the highest common factor of a and 255?
51
Let r = -231 + 286. Calculate the greatest common factor of r and 165.
55
Suppose 3*o = -o + 12. Let q be (o/6)/(8/816). Calculate the highest common divisor of q and 51.
51
Suppose -4*y = -7*y + 6. Suppose 3*p - 7*p + 2*k + 96 = 0, -32 = -y*p - 3*k. Calculate the greatest common factor of p and 99.
11
Suppose 5*r - 120 - 195 = 0. Let f be (-18)/(3 - 0)*((-111)/18 - -5). What is the greatest common divisor of f and r?
7
Suppose 1632 = 248*q - 245*q. What is the highest common factor of 17 and q?
17
Let b = -31 + 76. Let g = 190 + -172. Calculate the highest common divisor of b and g.
9
Let g = 1927 + -1859. What is the highest common divisor of 17 and g?
17
Let a = 1712 + -1490. What is the highest common factor of 1073 and a?
37
Suppose 9*a + 2*b = 11*a, -3*a + 30 = 3*b. Calculate the greatest common divisor of a and 4.
1
Suppose 19*r + 5322 = 12504. Calculate the highest common divisor of r and 147.
21
Suppose 696 = -1380*c + 1384*c. Calculate the highest common factor of 1305 and c.
87
Suppose -5*f - p - 3*p + 2 = 0, 0 = 3*f - p + 9. Let q be f/12 + (-38)/(-12). Let m be -3 - (q - (31 + -1)). What is the greatest common divisor of m and 36?
12
Let f be 3/24*-2 - 5427/(-108). What is the highest common divisor of 425 and f?
25
Suppose 0 = -5*j - 2*h - 0*h + 431, -5*j + 3*h + 441 = 0. Calculate the highest common factor of j and 261.
87
Let z(o) = 3*o - 6. Let d be z(-11). Let v be 2/5 + 333/5. Let c = d + v. What is the greatest common factor of c and 4?
4
Suppose 4*f = -21 + 101. Let b = 4 + -5. Let j be (-2)/(2/(-7)) - b. Calculate the highest common factor of j and f.
4
Let n = 23 - 23. Let m be 20/((-8)/(-84) + n). Let s(v) = v**3 + 5*v**2 - 3*v + 6. Let y be s(-5). Calculate the greatest common divisor of m and y.
21
Let d(m) = 13*m**2 + 19*m - 46. Let h be d(5). Calculate the greatest common divisor of h and 34.
34
Suppose 476*r - 477*r = -322. Calculate the highest common factor of r and 14.
14
Suppose -3*i - 14 = -o - i, -3*o = -i - 47. Suppose 0 = -4*y + o + 56. Let a(x) = x + 29. Let s be a(-20). Calculate the highest common factor of y and s.
9
Let j(a) = a**3 + 10*a**2 + a. Let g be j(-3). What is the greatest common factor of 36 and g?
12
Let t = 798 + 498. Calculate the greatest common divisor of 48 and t.
48
Suppose -5*p + 10 = 3*c, 7 = c + 4*p + 13. Let u = 158 + -48. What is the greatest common f